ts digit of 26265000?
0
What is the ten thousands digit of 38579327?
7
What is the ten thousands digit of 407435857?
3
What is the millions digit of 475107176?
5
What is the millions digit of 3852611584?
2
What is the hundreds digit of 25654360?
3
What is the hundred thousands digit of 10539710?
5
What is the thousands digit of 390913216?
3
What is the hundreds digit of 1336803629?
6
What is the billions digit of 2464991426?
2
What is the tens digit of 31127545?
4
What is the ten millions digit of 7339765243?
3
What is the thousands digit of 1625535007?
5
What is the hundreds digit of 1359122360?
3
What is the hundred thousands digit of 298948176?
9
What is the units digit of 908099763?
3
What is the ten thousands digit of 233870243?
7
What is the hundreds digit of 637505788?
7
What is the hundreds digit of 2093930353?
3
What is the hundred thousands digit of 2699882366?
8
What is the ten millions digit of 114373418?
1
What is the ten thousands digit of 69115827?
1
What is the hundred thousands digit of 5352216?
3
What is the units digit of 22627432?
2
What is the ten thousands digit of 121910418?
1
What is the thousands digit of 221465887?
5
What is the ten millions digit of 20162998?
2
What is the units digit of 395154447?
7
What is the thousands digit of 71971900?
1
What is the thousands digit of 774274157?
4
What is the hundred millions digit of 1254302325?
2
What is the ten thousands digit of 525174719?
7
What is the hundred thousands digit of 20507506?
5
What is the tens digit of 119637979?
7
What is the thousands digit of 160658427?
8
What is the ten thousands digit of 15695687?
9
What is the ten thousands digit of 1598075103?
7
What is the hundred millions digit of 174532526?
1
What is the hundred millions digit of 161820407?
1
What is the hundreds digit of 608968208?
2
What is the tens digit of 31767007?
0
What is the hundreds digit of 3613309045?
0
What is the tens digit of 312478370?
7
What is the thousands digit of 3282926?
2
What is the hundred thousands digit of 19857493?
8
What is the hundreds digit of 28260958?
9
What is the millions digit of 165004847?
5
What is the ten thousands digit of 23918101?
1
What is the hundreds digit of 11688137?
1
What is the billions digit of 4944857259?
4
What is the ten millions digit of 433553277?
3
What is the hundred thousands digit of 27389809?
3
What is the millions digit of 369756983?
9
What is the tens digit of 248074424?
2
What is the hundred millions digit of 2058948211?
0
What is the ten thousands digit of 272677864?
7
What is the hundred thousands digit of 406041678?
0
What is the tens digit of 472371359?
5
What is the millions digit of 406990607?
6
What is the thousands digit of 285261372?
1
What is the ten thousands digit of 8092274?
9
What is the hundred millions digit of 2402118920?
4
What is the ten millions digit of 2219459487?
1
What is the units digit of 698305972?
2
What is the millions digit of 21547837?
1
What is the millions digit of 37275478?
7
What is the millions digit of 248930472?
8
What is the ten millions digit of 1540924779?
4
What is the ten thousands digit of 2047925013?
2
What is the hundred thousands digit of 32359453?
3
What is the units digit of 594485684?
4
What is the tens digit of 38791172?
7
What is the hundreds digit of 2228830479?
4
What is the hundreds digit of 102796117?
1
What is the ten thousands digit of 123752427?
5
What is the units digit of 159901347?
7
What is the thousands digit of 26843901?
3
What is the tens digit of 40392680?
8
What is the millions digit of 31471226?
1
What is the tens digit of 81017515?
1
What is the ten millions digit of 1221141754?
2
What is the hundred millions digit of 331493429?
3
What is the hundred millions digit of 414316022?
4
What is the hundred thousands digit of 27336453?
3
What is the tens digit of 223620100?
0
What is the units digit of 281191947?
7
What is the hundred thousands digit of 5872362?
8
What is the hundreds digit of 4179315377?
3
What is the hundreds digit of 38421827?
8
What is the billions digit of 6460432841?
6
What is the tens digit of 85785143?
4
What is the millions digit of 3127924546?
7
What is the units digit of 47775473?
3
What is the hundred thousands digit of 4174015838?
0
What is the tens digit of 61895949?
4
What is the hundred millions digit of 8533373745?
5
What is the units digit of 195981574?
4
What is the hundred thousands digit of 43382114?
3
What is the hundreds digit of 426007172?
1
What is the ten millions digit of 976009594?
7
What is the ten thousands digit of 136217922?
1
What is the hundred thousands digit of 376473120?
4
What is the hundred thousands digit of 321068869?
0
What is the tens digit of 451447074?
7
What is the units digit of 119609468?
8
What is the ten thousands digit of 292998149?
9
What is the ten millions digit of 291393817?
9
What is the millions digit of 3209712421?
9
What is the units digit of 16043690?
0
What is the hundreds digit of 1915019790?
7
What is the thousands digit of 31719585?
9
What is the thousands digit of 220818718?
8
What is the hundreds digit of 2863686647?
6
What is the units digit of 390525536?
6
What is the hundred thousands digit of 9449172?
4
What is the units digit of 9308269?
9
What is the ten millions digit of 1440320720?
4
What is the hundred millions digit of 144274325?
1
What is the ten thousands digit of 508565246?
6
What is the ten millions digit of 90745535?
9
What is the millions digit of 1644625638?
4
What is the ten millions digit of 42678873?
4
What is the tens digit of 53182168?
6
What is the ten thousands digit of 25485178?
8
What is the units digit of 40262215?
5
What is the ten thousands digit of 1039016270?
1
What is the hundreds digit of 24977177?
1
What is the hundreds digit of 1084355526?
5
What is the units digit of 243264202?
2
What is the ten thousands digit of 47805583?
0
What is the millions digit of 84904844?
4
What is the hundreds digit of 93480210?
2
What is the hundreds digit of 5232289?
2
What is the thousands digit of 168167814?
7
What is the hundreds digit of 104064172?
1
What is the hundred millions digit of 4811321117?
8
What is the millions digit of 3028350242?
8
What is the hundreds digit of 188016172?
1
What is the tens digit of 1705738?
3
What is the thousands digit of 4209567895?
7
What is the thousands digit of 5610020?
0
What is the millions digit of 215742802?
5
What is the millions digit of 85577726?
5
What is the ten thousands digit of 847730710?
3
What is the ten thousands digit of 3329237346?
3
What is the ten thousands digit of 219185106?
8
What is the thousands digit of 76643206?
3
What is the hundreds digit of 146658964?
9
What is the hundreds digit of 2622399278?
2
What is the millions digit of 448273206?
8
What is the millions digit of 5737526?
5
What is the hundreds digit of 752125120?
1
What is the hundred thousands digit of 96261878?
2
What is the units digit of 240643118?
8
What is the ten thousands digit of 50080464?
8
What is the hundred millions digit of 143279511?
1
What is the thousands digit of 58208676?
8
What is the units digit of 325067287?
7
What is the hundreds digit of 1293414349?
3
What is the hundreds digit of 4518972657?
6
What is the tens digit of 197121472?
7
What is the tens digit of 59433251?
5
What is the tens digit of 133740510?
1
What is the tens digit of 51114154?
5
What is the ten millions digit of 157680484?
5
What is the ten thousands digit of 235931461?
3
What is the ten thousands digit of 37904799?
0
What is the hundreds digit of 1682187814?
8
What is the hundreds digit of 182150845?
8
What is the hundred millions digit of 162718815?
1
What is the hundreds digit of 64619011?
0
What is the tens digit of 116054181?
8
What is the units digit of 2939706649?
9
What is the thousands digit of 6082327541?
7
What is the tens digit of 3078171661?
6
What is the ten millions digit of 53891151?
5
What is the hundred thousands digit of 251747266?
7
What is the ten millions digit of 3529819023?
2
What is the billions digit of 2598527137?
2
What is the hundred millions digit of 150833318?
1
What is the hundred thousands digit of 13935705?
9
What is the thousands digit of 31126162?
6
What is the tens digit of 3893781?
8
What is the ten millions digit of 38449